-197 - -195. Is 5158 - 2 - (15/3 + d) a prime number?
True
Is ((-2751945)/(-49) + -2)/(23/161) a composite number?
False
Let b(c) = -3 + c + 8*c**2 + 7*c**2 - 4*c**2 + 4. Let f = 21 - 14. Is b(f) prime?
True
Let z(a) = -16*a**3 - 26*a**2 - 14*a + 9. Is z(-7) a prime number?
False
Suppose -3*n - 3*r = -258843, -67*r + 64*r - 258843 = -3*n. Is n composite?
True
Let z be -72 - (13 + -1 - 6). Is (1 - 170/3)*z/26 a composite number?
False
Let r be (-1)/(-2)*2*-9. Suppose -254 - 22 = 4*m. Is (3 + 48/r)*m a prime number?
False
Let a = -338 - -358. Is (81132/(-60))/(2*(-2)/a) a composite number?
False
Let u be (-1)/(3/135702)*(-1)/(-1). Let h = -27368 - u. Is h prime?
False
Suppose d - 3*v - 30936 = -7631, 2*v = -5*d + 116491. Is d prime?
False
Suppose 303619 = 41*s - 293833. Suppose -36419 = -5*c + 2*y - 4*y, -3*y + s = 2*c. Is c composite?
False
Let q(h) = -5*h**3 - 2*h - 1. Let c = -40 - -39. Let v be q(c). Is v/27 - 8283/(-27) a composite number?
False
Let l(v) = -2*v**3 - 186*v**2 + 266*v - 217. Is l(-97) a composite number?
False
Suppose 5*z - 7588 = -4*d, -4*z + 3*d + 6600 = 511. Suppose 4*b + k - z = -128, -4 = -k. Is b a prime number?
True
Suppose 161 - 65 = 2*u. Suppose 7*q + u = 15*q. Suppose q*o - 1130 = -f + o, -2*f + 2275 = -5*o. Is f a composite number?
True
Let f = 184 + -55. Is (-42)/4*(-2494)/f composite?
True
Let f(q) = 7 - 17*q - 10 - 119*q. Let r = 5 - 9. Is f(r) a composite number?
False
Suppose -8*h + 5*h = 5*y - 874, -4*y = 4. Is h prime?
True
Let s(k) = -8*k**3 - 26*k**2 - 23*k - 58. Is s(-19) composite?
True
Suppose -2*p = 0, 2*v - 3*p + 55866 = -4*p + 532060. Is v composite?
True
Let z(m) = 25*m + 4 + 0*m**3 - 52*m + 28*m + 4*m**2 + m**3. Let u be z(-3). Let s(n) = -n**3 + 14*n**2 + 10*n - 31. Is s(u) a composite number?
True
Suppose -234*j - 285*j + 270494504 = -127*j. Is j a prime number?
True
Let p(n) = -119*n**3 - 8*n**2 + 3*n - 61. Is p(-7) a prime number?
True
Suppose 3717554 = 11*y + 426255. Is y a prime number?
False
Let d be 15/(-3) + 16 + -4486. Let n = -2394 - d. Is n composite?
False
Let l be (6/14)/(84/(-588)). Is l*3/9 - -4910 prime?
True
Let l = -177 - -180. Suppose 0*u = -3*u - 5*s + 2243, -l*u + 2249 = 2*s. Is u composite?
False
Suppose 11*x + 0*x = -0*x + 1922239. Is x composite?
False
Let s be 6/((-18)/(-24) + (-5391)/7176). Let q = s + 11185. Is q prime?
False
Let f(w) = w**2 + 17*w - 1. Let b be f(-18). Suppose b*r + 5*r - 314006 = 0. Is r a composite number?
True
Let m = 5718 + -5727. Let r(g) = -13*g - 5*g**2 + 14*g**2 - 1 - 2*g. Is r(m) a prime number?
True
Let g(n) = 7*n**3 - 12*n**2 - n + 33. Let f be g(8). Let q = -590 + f. Is q a composite number?
False
Let g(x) = -9*x**3 + 34*x**2 - 37*x - 37. Is g(-15) a composite number?
False
Let h(a) = 7657*a**2 - 99*a - 5. Is h(3) a composite number?
False
Let w(m) be the third derivative of 91*m**5/30 + m**4/24 - 5*m**3/3 - 2*m**2. Suppose 5*q - 2*p - 22 + 15 = 0, 3*q + 4*p = 25. Is w(q) composite?
True
Let v(d) = 12*d**2 + 30*d - 51. Suppose 5*p + 81 = 7*c - 5*c, -3*p = -c + 48. Is v(p) a prime number?
False
Let y = 219 - 335. Let a = y - -151. Is a a prime number?
False
Let u(j) = 23201*j + 956. Is u(15) prime?
False
Suppose 8 = -4*j + 16. Suppose 0 = z - 4 - j. Let b(m) = 4*m**3 + 8*m**2 - 3*m + 7. Is b(z) prime?
False
Let d = 7 - 40. Let j be 90/8*88/d. Is 4/(-6) + (-13640)/j prime?
False
Is 13343566/14 - (-1008)/(-1176) prime?
True
Let u(y) = -3321*y + 1078. Is u(-16) prime?
False
Let g(u) = -2*u**2 + 26*u + 7. Let s be g(6). Suppose 79*l + 149268 = s*l. Is l prime?
False
Let j(u) = 26897*u - 155. Is j(8) composite?
True
Let s be 7 - (5 - 2) - -1. Is s + (114 - 4) - 2 a composite number?
False
Let a(u) = u**2 + 2*u - 8. Let j be a(-4). Suppose 0 = -r - j*r + 2741. Suppose -2*x = 3*l + 2*x - r, 2*x - 10 = 0. Is l composite?
False
Suppose 0 = 5*c - 2*x - 85, 0*c + 4*x = 5*c - 95. Suppose -c = n + 2*n, -5*v = 2*n - 13215. Suppose -39*d + v = -34*d. Is d a prime number?
False
Suppose -110 = -3*m + 325. Suppose -7*v + 12*v - m = 0. Suppose -3*s = -9, -60 = -4*n + s + v. Is n composite?
False
Suppose 5*y = -b + 1353412, 2*b + 1082738 = -110*y + 114*y. Is y composite?
True
Let t = 42 + -9. Suppose 0 = 8*r - 9 + t. Is -5 - 4*(-57 + r) prime?
False
Let m = 70668 + -8027. Is m a composite number?
True
Let y(o) = -43*o + 163. Let g be y(-41). Let f = g + -1235. Is f a composite number?
False
Let x(r) = -535*r + 507. Is x(-10) composite?
False
Let b be (-6)/(-4)*((-20)/4 + 22399). Suppose -33*h - b = -36*h. Is h a composite number?
False
Let h(w) = -5*w**3 - 15*w**2 - 18*w - 35. Let n(x) = 4*x**3 + 16*x**2 + 17*x + 35. Let p(u) = 5*h(u) + 6*n(u). Is p(16) a composite number?
True
Is ((-918325)/(-105) + 4/(-14))*3 composite?
False
Let t(j) = 2*j + 22. Let u be t(-14). Let y(a) = a**2 + 6*a - 1. Let h be y(u). Is (-2723)/2*2/h prime?
False
Let k(u) = u**2 - 9*u + 3. Let j be k(9). Suppose -z - w - 6 = -3*w, j*z + w = 17. Suppose -279 = -r + z*a, r - 2*r = 3*a - 307. Is r composite?
True
Let x(z) = -z**3 + 7*z**2 - z + 4. Let t be x(7). Let m(d) = 428*d**2 + 16*d + 58. Is m(t) a composite number?
True
Let z(i) = 486*i**2 - 17*i + 146. Is z(9) a prime number?
True
Suppose -5*f = 9 - 59. Suppose 5*j - 5*b + f*b - 75 = 0, -4*j - b + 69 = 0. Suppose 0 = 16*l - j*l + 814. Is l a composite number?
True
Let m = 178 - 467. Let v = -187 - m. Let s = v - 23. Is s a composite number?
False
Let o be 4 - ((-1)/(-6) - (-309)/(-18)). Is -3 - o/(105/(-34540)) a composite number?
True
Let z = 12685 + -3846. Let s = z + -5246. Is s a composite number?
False
Is (-24087030)/(-78) + -7 - (-1)/(-13) prime?
True
Let f(x) = -x**3 + 13*x**2 - 14*x + 17. Let q be f(12). Let j = -3 - q. Suppose 3*p = -5*a + 1044, 84 = -j*p - 4*a + 1484. Is p a prime number?
True
Let l be 46/(-8)*-2*194 - 1. Suppose -9*v - v = -l. Is v + (3 + -4 - -1) prime?
True
Is -5 - 2 - (11 - 13)*20721 a prime number?
False
Let z be 0*(306/(-63) + 5). Suppose -4*k - q + 38967 = z, 7*k - 5*q = 3*k + 38997. Is k a composite number?
False
Suppose -2 = -4*a + 10. Suppose 3*i - 3*k = 6, a*i = 4*i + 4*k - 22. Suppose 0 = i*q - q - 3755. Is q prime?
True
Let i be (-57)/(-38) - ((-6)/8 - (-40048)/(-64)). Suppose 5*d - 5 = 4*b, -4*d + 0*d - 5 = -5*b. Suppose -5 = -b*p, 3*l - 4*p = 379 + i. Is l prime?
True
Suppose 322300 - 65122 = 6*y. Is y a prime number?
True
Let f = -55 - -70. Let s be (-3)/((4/f)/(-4)). Is 8/36 + 25055/s a composite number?
False
Suppose -7*h - 5*i = -2*h - 769820, 14 = -2*i. Is h a prime number?
False
Suppose 193*y - 246*y + 6672011 = 0. Is y prime?
True
Let u(z) = -2*z**3 + 2*z**2 - 7*z + 15. Let t be u(2). Is 0/2 + ((-1526)/t - 5) composite?
True
Let i(b) = b**2 + 3*b + 3. Let w be i(-2). Suppose x + w = 0, -2*x + 3 = y - 5. Suppose 0 = -y*q + 295 + 2655. Is q a prime number?
False
Let m(o) = 3*o**2 - 5*o - 11. Let c be m(-2). Is 132755/14*c/(110/4) a composite number?
False
Suppose -12 - 12 = 4*w. Let c be (10/(-1))/(2/w). Let d(o) = 3*o**2 - 58*o + 19. Is d(c) a composite number?
True
Let i(z) = 25*z**2 - 44*z - 10. Let a be i(15). Suppose -5*g + 11185 = 5*u, -2*u = -5*g + 6244 + a. Suppose 2*q = 5*k - 5595, -k - k + q = -g. Is k composite?
False
Suppose 692 = 5*t - 408. Is (6 + -9)/(-1*3) + t prime?
False
Let g(f) = 4115*f - 12. Let q be g(1). Suppose -u + 2*p = -q, -3*p = u - 1372 - 2751. Is u a prime number?
True
Let u = 11433 + 13160. Is u a composite number?
False
Is (-1)/2*(-2533823 + 2 + 11) composite?
True
Let u(g) = -25000*g + 1097. Is u(-26) a composite number?
False
Suppose -4*d + 3*o = -5, 2*d - 3*o = -0*d + 1. Suppose -g = d*m - 1173, -3*g + 2*g - 4*m = -1183. Is g prime?
True
Let s(i) = -31*i + 4101 - 2*i - 4121. Is s(-13) prime?
True
Let o = -57 - -61. Suppose 4*s - 1 = -o*t - 13, -14 = -2*t + 3*s. Is (t - 2) + (1 + -55)*-34 prime?
False
Let p be (-14)/4 - 6/(-4) - -1268. Let u = p + 4513. Is u composite?
False
Let p(g) = g**3 - 14*g**2 - 12*g + 23. Let u be p(15). Let w = -118 + u. Let t = w + 87. Is t a prime number?
True
Let o = 1517057 - 904686. Is o a composite number?
False
Let g(t) = 16*t**2 + 29*t + 435. Is g(-46) a prime number?
True
Suppose 431299 - 101537 = 3*b - b. Is b a composite number?
False
Suppose 36 - 12 = 4*j. Suppose 7*f - 2 = j*f. Suppose 14446 = f*b - 3*x + 5*x, -